{"id":6685,"date":"2015-01-20T13:08:36","date_gmt":"2015-01-20T12:08:36","guid":{"rendered":"http:\/\/entitatsmanlleu.cat\/wp-content\/uploads\/2015\/01\/Adri\u00e0_Costa_DSF8872_Autoretrat_2013-3.jpg"},"modified":"2015-01-20T13:08:36","modified_gmt":"2015-01-20T12:08:36","slug":"adria_costa_dsf8872_autoretrat_2013-3-2","status":"inherit","type":"attachment","link":"https:\/\/www.entitatsmanlleu.cat\/es\/adria_costa_dsf8872_autoretrat_2013-3-2\/","title":{"rendered":"Adri\u00e0_Costa_DSF8872_Autoretrat_2013-3"},"author":95,"featured_media":0,"comment_status":"closed","ping_status":"closed","template":"","meta":{"jetpack_post_was_ever_published":false},"class_list":["post-6685","attachment","type-attachment","status-inherit","hentry","post","type-post"],"jetpack_sharing_enabled":true,"jetpack_shortlink":"https:\/\/wp.me\/a5gzju-1JP","description":{"rendered":"<p class=\"attachment\"><a href='https:\/\/www.entitatsmanlleu.cat\/wp-content\/uploads\/2015\/01\/Adri\u00e0_Costa_DSF8872_Autoretrat_2013-3-e1421756010551.jpg'><img loading=\"lazy\" decoding=\"async\" width=\"300\" height=\"254\" src=\"https:\/\/www.entitatsmanlleu.cat\/wp-content\/uploads\/2015\/01\/Adri\u00e0_Costa_DSF8872_Autoretrat_2013-3-e1421756010551-300x254.jpg\" class=\"attachment-medium size-medium\" alt=\"\" srcset=\"https:\/\/www.entitatsmanlleu.cat\/wp-content\/uploads\/2015\/01\/Adri\u00e0_Costa_DSF8872_Autoretrat_2013-3-e1421756010551-300x254.jpg 300w, https:\/\/www.entitatsmanlleu.cat\/wp-content\/uploads\/2015\/01\/Adri\u00e0_Costa_DSF8872_Autoretrat_2013-3-e1421756010551.jpg 502w\" sizes=\"auto, (max-width: 300px) 100vw, 300px\" data-attachment-id=\"6685\" data-permalink=\"https:\/\/www.entitatsmanlleu.cat\/es\/adria_costa_dsf8872_autoretrat_2013-3-2\/\" data-orig-file=\"https:\/\/www.entitatsmanlleu.cat\/wp-content\/uploads\/2015\/01\/Adri\u00e0_Costa_DSF8872_Autoretrat_2013-3-e1421756010551.jpg\" data-orig-size=\"502,426\" data-comments-opened=\"0\" data-image-meta=\"{&quot;aperture&quot;:&quot;16&quot;,&quot;credit&quot;:&quot;Adri\\u00e0 Costa Rif\\u00e0&quot;,&quot;camera&quot;:&quot;FinePix X100&quot;,&quot;caption&quot;:&quot;&quot;,&quot;created_timestamp&quot;:&quot;1357560967&quot;,&quot;copyright&quot;:&quot;Adri\\u00e0 Costa Rif\\u00e0&quot;,&quot;focal_length&quot;:&quot;23&quot;,&quot;iso&quot;:&quot;200&quot;,&quot;shutter_speed&quot;:&quot;30&quot;,&quot;title&quot;:&quot;&quot;}\" data-image-title=\"Adri\u00e0_Costa_DSF8872_Autoretrat_2013-3\" data-image-description=\"\" data-image-caption=\"\" data-large-file=\"https:\/\/www.entitatsmanlleu.cat\/wp-content\/uploads\/2015\/01\/Adri\u00e0_Costa_DSF8872_Autoretrat_2013-3-e1421756010551.jpg\" \/><\/a><\/p>\n"},"caption":{"rendered":""},"alt_text":"","media_type":"image","mime_type":"image\/jpeg","media_details":{"width":502,"height":426,"file":"2015\/01\/Adri\u00e0_Costa_DSF8872_Autoretrat_2013-3-e1421756010551.jpg","sizes":{"thumbnail":{"file":"Adri\u00e0_Costa_DSF8872_Autoretrat_2013-3-e1421756010551-150x150.jpg","width":150,"height":150,"mime_type":"image\/jpeg","source_url":"https:\/\/www.entitatsmanlleu.cat\/wp-content\/uploads\/2015\/01\/Adri\u00e0_Costa_DSF8872_Autoretrat_2013-3-e1421756010551-150x150.jpg"},"medium":{"file":"Adri\u00e0_Costa_DSF8872_Autoretrat_2013-3-e1421756010551-300x254.jpg","width":300,"height":254,"mime_type":"image\/jpeg","source_url":"https:\/\/www.entitatsmanlleu.cat\/wp-content\/uploads\/2015\/01\/Adri\u00e0_Costa_DSF8872_Autoretrat_2013-3-e1421756010551-300x254.jpg"},"post-thumbnail":{"file":"Adri\u00e0_Costa_DSF8872_Autoretrat_2013-3-e1421756010551-502x270.jpg","width":502,"height":270,"mime_type":"image\/jpeg","source_url":"https:\/\/www.entitatsmanlleu.cat\/wp-content\/uploads\/2015\/01\/Adri\u00e0_Costa_DSF8872_Autoretrat_2013-3-e1421756010551-502x270.jpg"},"full":{"file":"Adri\u00e0_Costa_DSF8872_Autoretrat_2013-3-e1421756010551.jpg","width":502,"height":426,"mime_type":"image\/jpeg","source_url":"https:\/\/www.entitatsmanlleu.cat\/wp-content\/uploads\/2015\/01\/Adri\u00e0_Costa_DSF8872_Autoretrat_2013-3-e1421756010551.jpg"}},"image_meta":{"aperture":16,"credit":"Adri\u00e0 Costa Rif\u00e0","camera":"FinePix X100","caption":"","created_timestamp":1357560967,"copyright":"Adri\u00e0 Costa Rif\u00e0","focal_length":"23","iso":"200","shutter_speed":"30","title":""}},"post":null,"source_url":"https:\/\/www.entitatsmanlleu.cat\/wp-content\/uploads\/2015\/01\/Adri\u00e0_Costa_DSF8872_Autoretrat_2013-3-e1421756010551.jpg","_links":{"self":[{"href":"https:\/\/www.entitatsmanlleu.cat\/es\/wp-json\/wp\/v2\/media\/6685","targetHints":{"allow":["GET"]}}],"collection":[{"href":"https:\/\/www.entitatsmanlleu.cat\/es\/wp-json\/wp\/v2\/media"}],"about":[{"href":"https:\/\/www.entitatsmanlleu.cat\/es\/wp-json\/wp\/v2\/types\/attachment"}],"author":[{"embeddable":true,"href":"https:\/\/www.entitatsmanlleu.cat\/es\/wp-json\/wp\/v2\/users\/95"}],"replies":[{"embeddable":true,"href":"https:\/\/www.entitatsmanlleu.cat\/es\/wp-json\/wp\/v2\/comments?post=6685"}]}}

http://entitatsmanlleu.cat/wp-content/uploads/2015/01/Adrià_Costa_DSF8872_Autoretrat_2013-3.jpg

Adrià_Costa_DSF8872_Autoretrat_2013-3

<p class="attachment"><a href='https://www.entitatsmanlleu.cat/wp-content/uploads/2015/01/Adrià_Costa_DSF8872_Autoretrat_2013-3-e1421756010551.jpg'><img loading="lazy" decoding="async" width="300" height="254" src="https://www.entitatsmanlleu.cat/wp-content/uploads/2015/01/Adrià_Costa_DSF8872_Autoretrat_2013-3-e1421756010551-300x254.jpg" class="attachment-medium size-medium" alt="" srcset="https://www.entitatsmanlleu.cat/wp-content/uploads/2015/01/Adrià_Costa_DSF8872_Autoretrat_2013-3-e1421756010551-300x254.jpg 300w, https://www.entitatsmanlleu.cat/wp-content/uploads/2015/01/Adrià_Costa_DSF8872_Autoretrat_2013-3-e1421756010551.jpg 502w" sizes="auto, (max-width: 300px) 100vw, 300px" data-attachment-id="6685" data-permalink="https://www.entitatsmanlleu.cat/es/adria_costa_dsf8872_autoretrat_2013-3-2/" data-orig-file="https://www.entitatsmanlleu.cat/wp-content/uploads/2015/01/Adrià_Costa_DSF8872_Autoretrat_2013-3-e1421756010551.jpg" data-orig-size="502,426" data-comments-opened="0" data-image-meta="{&quot;aperture&quot;:&quot;16&quot;,&quot;credit&quot;:&quot;Adri\u00e0 Costa Rif\u00e0&quot;,&quot;camera&quot;:&quot;FinePix X100&quot;,&quot;caption&quot;:&quot;&quot;,&quot;created_timestamp&quot;:&quot;1357560967&quot;,&quot;copyright&quot;:&quot;Adri\u00e0 Costa Rif\u00e0&quot;,&quot;focal_length&quot;:&quot;23&quot;,&quot;iso&quot;:&quot;200&quot;,&quot;shutter_speed&quot;:&quot;30&quot;,&quot;title&quot;:&quot;&quot;}" data-image-title="Adrià_Costa_DSF8872_Autoretrat_2013-3" data-image-description="" data-image-caption="" data-large-file="https://www.entitatsmanlleu.cat/wp-content/uploads/2015/01/Adrià_Costa_DSF8872_Autoretrat_2013-3-e1421756010551.jpg" /></a></p>

2015/01/Adrià_Costa_DSF8872_Autoretrat_2013-3-e1421756010551.jpg

Adrià_Costa_DSF8872_Autoretrat_2013-3-e1421756010551-150x150.jpg

https://www.entitatsmanlleu.cat/wp-content/uploads/2015/01/Adrià_Costa_DSF8872_Autoretrat_2013-3-e1421756010551-150x150.jpg

Adrià_Costa_DSF8872_Autoretrat_2013-3-e1421756010551-300x254.jpg

https://www.entitatsmanlleu.cat/wp-content/uploads/2015/01/Adrià_Costa_DSF8872_Autoretrat_2013-3-e1421756010551-300x254.jpg

Adrià_Costa_DSF8872_Autoretrat_2013-3-e1421756010551-502x270.jpg

https://www.entitatsmanlleu.cat/wp-content/uploads/2015/01/Adrià_Costa_DSF8872_Autoretrat_2013-3-e1421756010551-502x270.jpg

Adrià_Costa_DSF8872_Autoretrat_2013-3-e1421756010551.jpg

https://www.entitatsmanlleu.cat/wp-content/uploads/2015/01/Adrià_Costa_DSF8872_Autoretrat_2013-3-e1421756010551.jpg

Adrià Costa Rifà
